97
35120 (base 7) to base 2
10001100010101
-1011011101101011110000 (base 2) to base 6
-144224452
What is -4316041 (base 10) in base 4?
-100131232021
Convert 139a7b (base 14) to base 2.
10100101111110011101
Convert a8a33 (base 12) to base 9.
368383
Convert 12504652 (base 7) to base 9.
2134054
Convert 13845 (base 14) to base 9.
73201
Convert 2043433 (base 6) to base 15.
1e659
34222a (base 11) to base 3
1000200010100
Convert 26782a (base 16) to base 5.
1121134010
What is 1a5a944 (base 12) in base 8?
25262704
-7258617 (base 9) to base 10
-3877324
215957 (base 13) to base 5
200034400
-1341100431 (base 5) to base 2
-1101001011110101101110
What is 26671751 (base 9) in base 7?
216553054
What is 2174576 (base 8) in base 14?
1144b4
Convert 10001001101100110111 (base 2) to base 11.
355839
What is -a82a (base 13) in base 15?
-6dc3
13302303020 (base 4) to base 2
111110010110011001000
Convert 187dd (base 14) to base 4.
33013233
Convert -111122201201 (base 3) to base 12.
-10b684
Convert 220112210220 (base 3) to base 6.
14204553
-11121322001 (base 4) to base 12
-583b15
Convert -1003235 (base 7) to base 10.
-118802
Convert 12468 (base 16) to base 15.
172a6
-120110221022 (base 3) to base 6
-10310312
Convert -1088c5a (base 13) to base 9.
-10484502
482 (base 14) to base 4
32002
-228781 (base 11) to base 15
-7282d
Convert 16254324 (base 7) to base 12.
640469
4706534 (base 8) to base 4
10320311130
-ab514 (base 13) to base 3
-120210010011
Convert -51993ba (base 12) to base 14.
-208570a
Convert 212350266 (base 7) to base 10.
12651015
What is 4550422 (base 8) in base 11?
772554
-254005122 (base 6) to base 2
-10010110111101011101010
111121233 (base 4) to base 16
1566f
-67a3 (base 12) to base 2
-10110011101011
Convert 146478 (base 12) to base 2.
1010011101100011100
What is -bc (base 14) in base 15?
-b1
54868 (base 9) to base 13
13775
Convert -5b7879 (base 13) to base 10.
-2187467
What is -35526 (base 14) in base 4?
-133232332
Convert 13001133 (base 4) to base 9.
43413
10110101001010111000000 (base 2) to base 10
5936576
Convert -447184 (base 11) to base 2.
-10101101111001101010
Convert -7a04c6 (base 14) to base 5.
-2030244021
11372626 (base 8) to base 5
1114101302
Convert -7ddf5 (base 16) to base 4.
-1331313311
What is -4341011 (base 6) in base 11?
-137891
Convert 48398 (base 10) to base 4.
23310032
-1002003334 (base 5) to base 15
-29317e
What is -2101102222012 (base 3) in base 16?
-135ad6
-11005631 (base 9) to base 3
-101000012201001
Convert c3380 (base 14) to base 16.
72ba4
-100410242 (base 5) to base 15
-7e9b7
-4232045 (base 7) to base 9
-860455
92c9f (base 16) to base 13
18088a
What is -1655160 (base 7) in base 16?
-38b6e
What is -113144513 (base 6) in base 11?
-1213a24
Convert -504b2 (base 13) to base 12.
-6b14a
What is -7beec (base 15) in base 11?
-24a745
What is 1010111101222 (base 3) in base 16?
928c7
What is -2d3a (base 14) in base 9?
-12076
What is 2434034033 (base 5) in base 6?
323343442
Convert 2211220021102 (base 3) to base 8.
5614204
What is -2420254 (base 9) in base 10?
-1312411
Convert -110001000100001001011 (base 2) to base 11.
-9a8a26
22776 (base 12) to base 5
2433101
What is -11b9987 (base 14) in base 8?
-40371643
3143323 (base 6) to base 15
30819
What is -1e0c8 (base 15) in base 12?
-488bb
Convert 353a10 (base 11) to base 10.
561572
What is -3422792 (base 11) in base 15?
-7d551e
Convert 22122002120 (base 4) to base 3.
12010121020022
What is -101101101111001100 (base 2) in base 4?
-231233030
Convert 20625532 (base 7) to base 14.
339689
Convert -505ac (base 16) to base 15.
-677c2
10010100001101100100 (base 2) to base 7
5105621
Convert 11996c (base 13) to base 4.
1212311312
-111110111100000110111111 (base 2) to base 12
-563813b
-1e802 (base 16) to base 15
-2703a
86ba60 (base 14) to base 15
602a46
Convert a3a56 (base 12) to base 2.
110100010000100010
What is -110111111010011111011 (base 2) in base 8?
-6772373
23551120 (base 6) to base 5
142323324
Convert 360481 (base 10) to base 14.
95529
1111110111001011101 (base 2) to base 15
a4018
-3235402 (base 6) to base 13
-58166
Convert 215244 (base 13) to base 6.
24434450
What is -3303112 (base 4) in base 6?
-200034
-44420241 (base 5) to base 12
-169019
-130121335 (base 7) to base 4
-133200000103
Convert 637376 (base 8) to base 13.
75aa2
Convert -105205600 (base 7) to base 14.
-bc4337
Convert 42534412 (base 6) to base 2.
100110010110110001000
What is 1503465 (base 11) in base 12?
a45a18
Convert -16703 (base 8) to base 9.
-11405
-110102002221110 (base 3) to base 15
-8a4550
Convert 110010000100010 (base 2) to base 6.
314402
465a5 (base 13) to base 16
1f596
1a64b (base 12) to base 4
21200123
18044 (base 16) to base 12
48b18
What is -6460500 (base 7) in base 6?
-24515033
Convert 144287 (base 16) to base 4.
11010022013
-1100112100 (base 3) to base 7
-140433
Convert 144032253 (base 6) to base 13.
809196
Convert -10b59 (base 13) to base 8.
-73436
1000100220021122 (base 3) to base 6
1235420112
Convert -1145083 (base 10) to base 16.
-1178fb
Convert -314703 (base 8) to base 5.
-11324044
Convert 8145 (base 11) to base 13.
4c02
What is -40789 (base 11) in base 10?
-59508
What is 11203613 (base 7) in base 14?
1b5a43
-240162 (base 10) to base 13
-85410
-c1b2 (base 14) to base 5
-2031110
What is 6a2474 (base 11) in base 3?
2002200210020
-e8bc (base 15) to base 4
-30001023
What is -100111001111101011 (base 2) in base 7?
-1236436
What is -232050020 (base 6) in base 9?
-8071813
What is -5b5885 (base 15) in base 13?
-ba1310
Convert 1221325 (base 6) to base 7.
360626
Convert -8518835 (base 10) to base 3.
-121000210122102
What is -13211430 (base 6) in base 4?
-1222232022
3131313142 (base 5) to base 11
3747416
What is 16862a7 (base 11) in base 12?
b61038
42010234 (base 5) to base 12
1473b8
1071212 (base 10) to base 7
12051032
1566323 (base 10) to base 13
42ac25
What is -2201101100 (base 3) in base 7?
-311652
What is -329aa18 (base 11) in base 16?
-583e35
745755 (base 10) to base 16
b611b
124304501 (base 6) to base 5
1111403420
What is 22714246 (base 8) in base 6?
254104250
-260156 (base 10) to base 7
-2132321
Convert 101111101100001011 (base 2) to base 15.
3cd29
105343040 (base 6) to base 11
1107128
What is -331013 (base 7) in base 2?
-1110001001111001
What is 75584 (base 14) in base 5?
33034403
Convert -1153828 (base 10) to base 8.
-4315444
What is 2d10c (base 16) in base 14?
4b3ac
-38abc5 (base 14) to base 12
-7a0975
Convert -214412312 (base 5) to base 14.
-1a4c16
Convert -11100101220 (base 3) to base 5.
-10214322
d09cf (base 16) to base 12
3525a7
Convert -12111002122101 (base 3) to base 13.
-7b0a78
What is 11bcea (base 16) in base 8?
4336352
What is -100001001001011111001000 (base 2) in base 3?
-121100110220100
Convert -63b96 (base 16) to base 5.
-101032340
What is 2325c4 (base 13) in base 2?
11001011100010000100
What is -2c8c9 (base 14) in base 10?
-111505
Convert 111100000011010000 (base 2) to base 14.
658d2
-2411400 (base 5) to base 4
-22320320
What is 53844 (base 12) in base 11?
75772
What is 31340122 (base 5) in base 2?
111111111100011000
What is -100243513 (base 6) in base 14?
-323d77
What is 2001152 (base 8) in base 5?
113244111
Convert -1c15c (base 15) to base 14.
-25473
-5234246 (base 7) to base 15
-c6c7b
-132413404 (base 5) to base 15
-d371e
Convert -1023044 (base 7) to base 13.
-442ac
-1450434 (base 6) to base 3
-11021210011
What is 5b5696 (base 14) in base 10?
3126724
What is 3129721 (base 11) in base 16?
543229
What is -633363 (base 10) in base 7?
-5245353
-10110011001001100101 (base 2) to base 10
-733797
What is -2767549 (base 10) in base 14?
-520821
14343426 (base 7) to base 10
1355409
46861 (base 15) to base 10
224641
Convert -11202140123 (base 5) to base 7.
-211363524
What is -4264602 (base 7) in base 6?
-15052420
9b807 (base 13) to base 7
2254556
What is -3351220 (base 6) in base 16?
-2985c
4023414 (base 5) to base 9
107101
-23446026 (base 8) to base 16
-4e4c16
-110200001211121 (base 3) to base 8
-31536175
What is 11101011000101 (base 2) in base 4?
3223011
52bd38 (base 14) to base 15
3a43c4
Convert -1002142043 (base 5) to base 3.
-10202010010211
Convert 1142530 (base 6) to base 11.
4129a
What is 32568c (base 13) in base 2?
100100000110110001100
-776647 (base 9) to base 4
-1301110231
-321648a (base 12) to base 